58))
-6
75 + -67 - (-13 - (-9 + -16))
-4
What is -9 - 1 - (158 + -329 - -77)?
84
What is 12 - (-5 - (-692 - -600 - (0 + 12 + -1)))?
-86
Evaluate (41 - (-21 - -34)) + -51.
-23
What is -25 + (16 - (-20 + -24 + 18))?
17
Evaluate 77 + -23 + -48 - ((43 - 4) + 0 + -5).
-28
4 + (1 - (-6 - -27 - 19)) + 43
46
(-20 - (27 + (-21 - 33))) + -77 + 6
-64
What is the value of (-43 - -124) + 2 + -41 + 26?
68
0 + 101 + (-3 - 44 - -30) - 7
77
Evaluate 1 + -7 + (82 - 0 - (-1326 + 1323)).
79
Calculate 36 + -33 + 51 + -30.
24
38 - (-1 + -5 + -1 + -4 - -14)
35
-50 - -42 - (2 + 2 + -6 - -8)
-14
Evaluate -58 + 16 + -41 + 49 + -49.
-83
What is (-2 - 1) + 9 + (36 + -38 - (44 - 1))?
-39
What is -34 + -1 + 0 + (-1959 - -1972)?
-22
What is the value of -77 + 35 + -22 - 0?
-64
What is the value of (-4 - -76) + (-209 - -124)?
-13
Calculate 25 + -19 + -18 - (7 + -3 - -10).
-26
What is 184 - 242 - (-4 + -98)?
44
20 + (-4 - 3) + -7 + (-2 - -29) + 4
37
What is (-2533 - -2486 - (-9 - (1 + 0))) + 9?
-28
Calculate 13 + (232 - 225) + (0 - 8) - -17.
29
Evaluate 73 - 21 - (30 + -36).
58
What is the value of (-2 - (-26 + 0)) + (1751 - 1734)?
41
(101 - 44) + -46 - -10
21
Evaluate 40 - (25 + -18 - -44) - (-2 + 14).
-23
Calculate -44 + (-50 - -28 - -9).
-57
What is -3 + -12 + -4 + 560 + -522?
19
Calculate (-2 - (-22 - -1)) + (-81 - (-15 - 79)).
32
-45 - (2 + -24 + (40 - (73 - 68)))
-58
Calculate -9 + 27 - 38 - (4 - 7 - -4).
-21
What is -4 + -156 + -391 + 442 - 27?
-136
Calculate 2 + -12 - (11 - (36 - -16) - -19) - 110.
-98
What is -149 + 182 + 17 + 89?
139
What is -14 + (-19 - -5) + 7 - (9 - 7)?
-23
(15 - -1) + 154 + -53 + -13 + -9
95
What is -13 + (8 + -53 + 8 - -6)?
-44
Evaluate (-43 - 53 - -36) + 40.
-20
What is -5 + 14 + -44 + 88 + -6?
47
What is 798 + -735 + (1 - 1 - 0) + 10?
73
What is the value of -44 + -19 + -54 + 50?
-67
Evaluate 270 - 233 - (12 + 5).
20
What is the value of (2 - 8) + 6 - 13 - (-18 - -34)?
-29
Evaluate 26 + -79 + 52 + -52 + 1 + -1.
-53
What is -6 - ((50 - 36) + (-1 - (2 + 0)) - 11)?
-6
What is the value of -12 - (-307 - -303 - (4 - 0))?
-4
Evaluate 2 + 38 + -86 - (2 + -5 + -11) - 6.
-38
Calculate (28 - 1) + ((0 - -23) + -3 - (303 - 272)).
16
Calculate 2 + 0 - (-28 - -18 - -28).
-16
What is -755 + 188 + 447 - (20 + -1)?
-139
What is the value of (1 - -3 - (1 - 9)) + (-5 - 148) + 210?
69
What is -8 + -100 - -184 - -23?
99
Evaluate (2 - 0) + -5 - (-1 - (-18 - -42) - -24).
-2
Calculate 11 + 38 + -87 + 5.
-33
Evaluate 15 + -1 - (-16 - (-26 + 16)) - 2.
18
What is the value of -33 - (-12 - 21) - -37?
37
What is the value of 136 + -526 + 310 + (26 - (0 + 2))?
-56
What is (144 - 147 - (1 - (10 - -2))) + (128 - 90)?
46
Calculate 120 + (-169 - 2) + -23.
-74
Evaluate 0 + 1 + 5 + (22 - -7) + -20 + -59.
-44
What is the value of -88 + 27 + 0 + -24 + 10?
-75
What is the value of 5 - (44 + -27) - 23 - 17?
-52
7 - ((-2 - (2 + -6)) + -17 + (66 - -5))
-49
What is (-10 - (-3 + 6)) + 21 + -9 + 4 + -85?
-82
What is -2 + -1 - (17 - (4 - 0))?
-16
-1426 + 1376 + (10 - (0 + -2)) - 3
-41
What is the value of -6 - -2 - ((13 - 15) + -29)?
27
-111 + (-22 - (24 - 41))
-116
14 - (-20 - (-49 + 14))
-1
Calculate -31 - (-3 + -7) - (-4 + 2) - (-2 + -7).
-10
Calculate 30 + -14 + 76 + -91.
1
Calculate -34 - (32 + (-8 + 28 - 43)).
-43
Calculate -57 + -45 + -54 + 99.
-57
What is the value of (47 - 1) + -11 + (2 - -5)?
42
What is the value of 88 - (20 + 97 - 30)?
1
Calculate 14 + -3 - (20 + -13 - 45).
49
Evaluate -61 - ((-3 - 8) + -65 + 84 - 14).
-55
What is the value of -6 + -1 - ((14 - 20) + -5 + -39)?
43
Calculate 1425 + -1472 - (-17 + 2).
-32
What is 77 + -67 - (4 + 6 + 27)?
-27
Calculate 15 + -27 + 17 + -22 - -27.
10
Evaluate -2 + -19 + (-12 - -19) + 9 - (-159 - -8).
146
What is 65 + -52 + 54 - 132?
-65
(-23 - (-88 - 6) - -9) + -21
59
Calculate 22 + 19 + -4 + -5 - 3.
29
(0 - -61) + (1 - 17 - (-105 + 83))
67
What is the value of -601 + 738 + (-43 - (-9 + 6))?
97
Evaluate 6 - (-5 - 17) - (-10 - -16 - 10).
32
Evaluate -91 + 24 + (27 + -3 - 24).
-67
((-4 - -7) + -63 - (35 - (-10 - -45))) + 0
-60
Calculate -7 + 10 + (20 - 35) - (-4 - (-64 + -2)).
-74
Calculate (-286 - -427) + -5 + -30 + 6.
112
Calculate 6 + -4 + 48 + 10 + 19 - 11.
68
52 - (-2 + -1) - 12 - -11 - 9
45
What is the value of 0 - -13 - (49 + -84 + -44)?
92
What is (-26 - (-162 - -88)) + (16 - 4)?
60
What is the value of 30 + (0 + -10 - 7 - -8) + -6?
15
Calculate -3 + -51 - 1 - ((38 - 35) + (6 - 7)).
-57
What is 7 + -35 + 66 + -22?
16
What is 0 + 46 + (-501 - -366)?
-89
What is the value of -34 + 2 + 0 + 28 + -77 + 36?
-45
Evaluate 15 + 7 + 6 - 26 - -3.
5
What is (-34 + 15 - -51) + 4?
36
What is the value of (7 + -32 - -8) + 58 + (-11 - 0)?
30
38 - -47 - (14 + (-38 - (0 - 2)))
107
What is -14 - (-5 + 1) - (-5 - (11 - 8) - -2)?
-4
Evaluate (136 - 43 - 90) + (0 - -19 - 2).
20
What is -48 + 28 + 28 + -9?
-1
(18 - (-19 + 22) - 36) + -20
-41
Evaluate (16 - -2) + -44 + -30.
-56
Calculate -13 - ((-23 + 10 - 23) + 14 - 62).
71
Calculate (-160 - -169) + -20 - (-2 + -1 - -11).
-19
What is (42 - -81) + (-4 - (-7 - -1 - -8)) + -10?
107
14 + -4 + -12 + -7 + (-1 - (0 + -94))
84
Evaluate (5 + -4 + -10 - -1) + (0 - -3) - -4.
-1
What is the value of -917 + 893 - (13 + (4 - 0))?
-41
What is the value of 13 + -12 + 0 + 3 + 4 + -30?
-22
Calculate -16 + 1 + (-21 - -26 - 1) - 40.
-51
What is the value of 13 - (-32 + (-91 - 7)) - 38?
105
Calculate -3 + 5 + -5 + -7 - ((-11 - 3) + -13).
17
What is the value of 50 - (27 - (17 - 7))?
33
Evaluate 8 + (3 - 3 - (12 - 19) - -28).
43
What is -25 + (-17 - (-43 + 1))?
0
What is -114 - -242 - (41 - -5) - (2 + -3 + 8)?
75
What is the value of 12 + (18 - 20) + 53 - 3?
60
Evaluate (-27 - -7) + (1 - -8) - -13 - 11.
-9
Evaluate -4 + 5 + -2 + 4 + -8 - (-5562 - -5458).
99
-24 + -30 + 30 - -51
27
(-50 + 100 + -74 - (0 - -8)) + 1 + -5
-36
What is 36 - (-19 + 38 + -42)?
59
Calculate 28 + -30 + 4 + -16 - -35.
21
Calculate -220 + 267 - (34 - 4).
17
Evaluate 1 + 52 - (-3762 - -3720).
95
What is -179 + (-52 - 30 - -207)?
-54
Evaluate 56 + (33 - 36) - 84.
-31
Calculate -462 - -478 - (-1 + -5).
22
What is the value of (-16 - -9 - 8) + 24 - (-5 + 1)?
13
What is 50 + -15 - 58 - -45?
22
What is the value of -17 - -4 - (-246 + 170) - 18?
45
What is 6 + 1 - (50 - 37) - -48?
42
Evaluate (7 - -3) + -11 + (17 - 26 - -18).
8
What is the value of 53 + -42 + (2 - 14 - (7 - 15))?
7
Calculate 40 + -14 - 17 - (30 - 24 - (0 + 4)).
7
-127 + 6 - -127 - (-3 + 108)
-99
What is (-9 - 1) + (-30 - (15 + -50)) + -21?
-26
3 + (-20 - 2) + -351 + 341
-29
What is the value of 2442 + -2537 - (-1 + -7 + 3)?
-90
What is (-16 - -60) + (-5 - (9 - -1))?
29
Calculate -46 - 3 - (696 + -742).
-3
What is 46 - (-1 + (-5 - -50))?
2
What is 2 + 0 + (1545 - 1497)?
50
Evaluate -35 + (13 - (4 + 2)) - -1 - -10.
-17
What is 2 + (20 - 9 - 14) + -9?
-10
What is -58 + 20 + 19 + -3 + -1?
-23
What is 11 + ((9 - 4) + -28 - -10)?
-2
-36 + (0 - 0) - (-10 + 0 - (317 - 333))
-42
Calculate -19 + 24 + -13 + 5 + -39 + 64.
22
What is 6 - -75 - (298 + -269)?
52
What is 23 + -3 + 21 - (2 + 2 + -1 - 6)?
44
-9 - (4 + -2 + 31 + -45) - (-1 + 7)
-3
Calculate -2 + 155 + -3374 + 3326.
105
56 - -68 - (58 + (-10 - 17))
93
What is -9 + -44 + (-67 - -84) + -18?
-54
Calculate ((19 - -8) + -3 - 20) + -1 + 22.
25
Calculate 513 + -443 + (1 - 15) - 21.
35
What is the value of 38 + 29 + -58 - 17 - (-1 - -55)?
-62
What is the value of 10 + -39 - -4 - (-36 - -94)?
-83
Calculate -14 + -21 + -2 + -73 + 38.
-72
Evaluate (226 - 51) + -174 + (0 + 1 - 28).
-26
(-26 - -9) + 25 + (3 - (47 - -1)) + -5
-42
7 + -10 + 168 + -195
-30
What is -7 + 1 + 148 - (41 + -24 + (-2 - 19))?
146
Calculate 1 - 19 - (-53 - -48) - (17 - 0).
-30
Calculate -15 - ((-16 - (-8 - (-7 + 5))) + 0 - -2).
-7
What is the value of 17 + (24 - (31 + 24 + -19))?
5
Evaluate -644 + 521 + (-1 - -27) - -7.
-90
-91 - (-22 + -53 - -62)
-78
What is the value of (6 - -20 - (137 + -119)) + (0 - -55 - 2)?
61
What is the value of -9 + (105 - (-3 + 24 + -8 + -28)) + 11?
122
What is the value of -5 + (-34 - -7) + 39 - 128?
-121
Evaluate -90 + 122 + -59 + 14.
-13
Calculate -112 + (-37 - -126) + 64.
41
Evaluate 2 + 30 + -2 + (614 - 589).
55
Evaluate 53 - (5 - (-21 + 30 + -18 + 15)).
54
-5 - (-14 + -3 + -6 + -8 + -11)
37
Calculate ((-58 - -34) + -3 - -28) + -3.
-2
Evaluate (2